e number?
True
Is 10123 prime?
False
Is 10473 a composite number?
True
Is 553 prime?
False
Is 168697 composite?
False
Is 19766 a prime number?
False
Is 1574 a prime number?
False
Is 2921 prime?
False
Is 27043 a prime number?
True
Is 113257 a composite number?
True
Is 946717 a composite number?
False
Is 2067331 a prime number?
False
Is 628877 composite?
False
Is 2005 composite?
True
Is 1349471 prime?
True
Is 697657 a composite number?
True
Is 293587 composite?
True
Is 415 a composite number?
True
Is 185807 composite?
True
Is 5314 a prime number?
False
Is 400783 a composite number?
True
Is 18701 a composite number?
False
Is 2041 prime?
False
Is 16161 composite?
True
Is 43819 a composite number?
True
Is 310195 a composite number?
True
Is 641491 a prime number?
True
Is 2294503 a composite number?
True
Is 15503 a composite number?
True
Is 25199 prime?
False
Is 1272343 prime?
True
Is 5183 a composite number?
True
Is 1726841 composite?
False
Is 19253 a prime number?
False
Is 61255 a prime number?
False
Is 1211 a prime number?
False
Is 68467 composite?
True
Is 37291 a prime number?
False
Is 376487 a prime number?
False
Is 12233 a composite number?
True
Is 44483 a prime number?
True
Is 938099 composite?
False
Is 220238 composite?
True
Is 19181 a composite number?
False
Is 41257 composite?
False
Is 150418 a prime number?
False
Is 475885 a composite number?
True
Is 1729543 composite?
False
Is 110863 prime?
True
Is 19349 a prime number?
False
Is 641 composite?
False
Is 200581 a prime number?
False
Is 52939 a prime number?
False
Is 8641 a composite number?
False
Is 6469 prime?
True
Is 679 composite?
True
Is 12193 a prime number?
False
Is 75737 composite?
True
Is 11113 prime?
True
Is 94771 a composite number?
False
Is 6143 prime?
True
Is 24931 prime?
False
Is 1922077 a prime number?
True
Is 45469 prime?
False
Is 7177 a prime number?
True
Is 29039 composite?
True
Is 305005 prime?
False
Is 555029 a prime number?
True
Is 557423 a composite number?
False
Is 393685 a composite number?
True
Is 1429697 a prime number?
True
Is 192341 prime?
True
Is 95423 composite?
True
Is 470719 prime?
True
Is 66583 a prime number?
False
Is 5581 composite?
False
Is 5087 prime?
True
Is 62437 prime?
False
Is 2200951 a composite number?
True
Is 42259 prime?
False
Is 1465 a prime number?
False
Is 77702 prime?
False
Is 1931 composite?
False
Is 333169 a composite number?
True
Is 4409 composite?
False
Is 2447 a prime number?
True
Is 6049 composite?
True
Is 449 a composite number?
False
Is 1981093 a prime number?
True
Is 73237 a prime number?
True
Is 950117 prime?
False
Is 20249 a composite number?
False
Is 1041 composite?
True
Is 99079 prime?
True
Is 30449 composite?
False
Is 314903 a composite number?
False
Is 84437 a composite number?
False
Is 643421 a prime number?
True
Is 6487 composite?
True
Is 72817 composite?
False
Is 116789 composite?
False
Is 4037 composite?
True
Is 553093 a composite number?
False
Is 3433 a prime number?
True
Is 1816651 composite?
False
Is 122965 a prime number?
False
Is 37547 composite?
False
Is 18937 prime?
False
Is 61001 a prime number?
True
Is 143461 composite?
False
Is 2159 composite?
True
Is 1557203 composite?
True
Is 93877 prime?
False
Is 2053 prime?
True
Is 6547 composite?
False
Is 26 a prime number?
False
Is 149231 a prime number?
False
Is 5923 a prime number?
True
Is 2746 composite?
True
Is 6119 prime?
False
Is 906637 composite?
True
Is 11213 composite?
False
Is 17077 a prime number?
True
Is 94102 composite?
True
Is 44951 a prime number?
False
Is 377155 prime?
False
Is 188483 prime?
True
Is 100127 a prime number?
False
Is 21211 composite?
False
Is 30379 a composite number?
True
Is 360223 a composite number?
False
Is 1692269 a prime number?
False
Is 175799 a composite number?
True
Is 33457 a composite number?
False
Is 236377 prime?
True
Is 193531 a composite number?
True
Is 5971 prime?
False
Is 136519 prime?
True
Is 292381 prime?
True
Is 15419 prime?
False
Is 1469437 a prime number?
True
Is 6383 a composite number?
True
Is 73613 a composite number?
False
Is 10883 prime?
True
Is 28321 a prime number?
False
Is 259085 a composite number?
True
Is 1344227 prime?
True
Is 1637 a prime number?
True
Is 4489 a prime number?
False
Is 1311733 a prime number?
True
Is 129071 a composite number?
True
Is 17953 a prime number?
False
Is 383347 a prime number?
True
Is 3698153 prime?
True
Is 71458 a prime number?
False
Is 26387 composite?
False
Is 9253 a prime number?
False
Is 80737 prime?
True
Is 321547 a prime number?
True
Is 259793 prime?
False
Is 345259 prime?
True
Is 15931 a prime number?
False
Is 9913 a composite number?
True
Is 143443 composite?
False
Is 4258 composite?
True
Is 22283 a composite number?
False
Is 1197563 composite?
True
Is 10961 prime?
False
Is 1154451 a composite number?
True
Is 45233 composite?
False
Is 669329 a prime number?
True
Is 81085 a prime number?
False
Is 346849 prime?
True
Is 23263 a composite number?
True
Is 1561099 composite?
True
Is 38839 prime?
True
Is 284929 prime?
False
Is 84787 prime?
True
Is 16769 a composite number?
True
Is 165667 composite?
False
Is 149494 a composite number?
True
Is 16213 a composite number?
True
Is 9411 a composite number?
True
Is 5923 composite?
False
Is 11901 a composite number?
True
Is 95797 a composite number?
True
Is 213 a prime number?
False
Is 124427 prime?
True
Is 65371 prime?
True
Is 120601 a composite number?
True
Is 370193 a prime number?
True
Is 112327 a composite number?
False
Is 95393 a prime number?
True
Is 584767 a prime number?
True
Is 201 prime?
False
Is 2953 a composite number?
False
Is 130631 prime?
True
Is 929609 a prime number?
True
Is 239477 a prime number?
False
Is 95447 prime?
False
Is 5155 prime?
False
Is 943001 a composite number?
True
Is 32107 a composite number?
True
Is 19531 a composite number?
False
Is 14621 a prime number?
True
Is 407287 a prime number?
True
Is 3305 prime?
False
Is 11947 a composite number?
True
Is 3372197 prime?
True
Is 7249 prime?
False
Is 223645 a composite number?
True
Is 44311 prime?
False
Is 7289 a composite number?
True
Is 7985 a prime number?
False
Is 11629 prime?
False
Is 133349 a prime number?
True
Is 138365 prime?
False
Is 1307641 composite?
False
Is 12151 a prime number?
False
Is 652967 a composite number?
True
Is 132955 composite?
True
Is 20373 a composite number?
True
Is 71935 a prime number?
False
Is 52007 prime?
False
Is 255313 composite?
False
Is 56103 composite?
True
Is 48277 prime?
False
Is 248485 composite?
True
Is 170141 a prime number?
True
Is 62459 a prime number?
True
Is 17857 composite?
True
Is 30133 prime?
True
Is 260123 composite?
True
Is 51682 a composite number?
True
Is 856915 composite?
True
Is 13753 a prime number?
False
Is 385457 a prime number?
False
Is 1261 composite?
True
Is 61463 prime?
True
Is 2291 a composite number?
True
Is 120067 a prime number?
True
Is 3496355 prime?
False
Is 343231 a composite number?
True
Is 671633 a composite number?
False
Is 140263 prime?
True
Is 2283 a composite number?
True
Is 5447 prime?
False
Is 379571 composite?
False
Is 17257 composite?
False
Is 199583 composite?
False
Is 3787 a composite number?
True
Is 100151 prime?
True
Is 16183 prime?
True
Is 18101 prime?
False
Is 102101 prime?
True
Is 1091447 prime?
False
Is 51785 a prime number?
False
Is 33479 composite?
False
Is 12853 a prime number?
True
Is 277531 composite?
False
Is 5333 composite?
False
Is 199321 a prime number?
True
Is 217111 composite?
False
Is 29819 composite?
False
Is 30079 a prime number?
False
Is 138617 a composite number?
False
Is 5663 a composite number?
True
Is 33339 prime?
False
Is 3209 prime?
True
Is 119513 prime?
True
Is 73279 a composite number?
True
Is 23093 a composite number?
True
Is 7789 a composite number?
False
Is 18263 prime?
False
Is 723593 a composite number?
True
Is 534899 prime?
False
Is 31919 a composite number?
True
Is 81401 prime?
True
Is 8513 prime?
True
Is 57003 a composite number?
True
Is 90845 prime?
False
Is 80277 a prime number?
False
Is 4871 a composite number?
False
Is 121639 a prime number?
False
Is 41045 a composite number?
True
Is 35941 composite?
True
Is 56273 a composite number?
True
Is 1166687 a composite number?
False
Is 3481 composite?
True
Is 38173 a prime number?
False
Is 361271 a prim